nits digit of 66/w*(-16)/(-12)?
8
Let t be (-1)/(-1)*0/(-1). Suppose 6*x - 4*x - 174 = t. Let z = x + -58. What is the tens digit of z?
2
Let m be (-2)/(-4)*-1*-276. Suppose 29*q + m = 32*q. What is the tens digit of q?
4
Let z(j) = -12*j + 823. What is the tens digit of z(0)?
2
Let d(q) = 20*q + 2. Let k be d(1). Suppose k*i + 42 = 24*i. What is the tens digit of i?
2
Suppose 0 = 4*i - 11 - 37. Let q = i + -13. What is the units digit of 4*(q + 2 + 2)?
2
Let l = 5913 - 3613. What is the thousands digit of l?
2
Let b = -46 - -51. Suppose 4*v + 0*v = w + 837, -b*v = -5*w - 1065. What is the units digit of v?
8
Suppose 4*j = 3*q + 2357, j - 2*j + 575 = 4*q. What is the hundreds digit of j?
5
Let t(j) be the second derivative of j**5/30 + j**4/24 - 4*j**2 + 7*j. Let r(x) be the first derivative of t(x). What is the tens digit of r(5)?
5
Let p(b) = -b**2 + 16*b - 9. Let z be p(15). Suppose 490 = -x + z*x. What is the units digit of x?
8
Suppose -3*g - 12 = 0, -i - 5*g - 5 = 2*i. Suppose -5*q - 4*x = -6*x - 412, i*q = 5*x + 400. What is the tens digit of q?
8
Suppose -u - 6 = -3*h, 4*u - 5 - 1 = 2*h. Let b be 14 - 11 - (-1 - h). What is the tens digit of (12 - b)/((-1)/(-5))?
2
Let b be 2945/(-186) - 1/6. What is the hundreds digit of 1 + ((-8)/(-3))/(b/(-1080))?
1
What is the units digit of (-150288)/(-217) + 6/14?
3
Let a be 1/(4 - 3)*3. Suppose a*c = -0 + 18. Suppose 30 = 2*b - c. What is the units digit of b?
8
Let o = 59 - 59. Let x(a) = -3*a + 114. What is the hundreds digit of x(o)?
1
What is the units digit of 53 + -11 + 8/1?
0
Suppose -5855 - 11939 = -14*m. What is the tens digit of m?
7
Let a(p) = p**3 + 9*p**2 - 8*p - 3. Let f be a(-10). Let v = -17 - f. What is the units digit of -4 + (-20)/(-12)*v?
6
Suppose 3*x + 4 = -5*k + 11, -2*x = 3*k - 5. Let s be 3*k - (-6 - 1). Suppose 0 = -l - s*l + 15. What is the units digit of l?
3
Let y = 942 + -520. What is the hundreds digit of y?
4
Suppose 0*p - 160 = -4*p - 2*l, -2*p + 86 = 4*l. What is the tens digit of p?
3
Suppose -19*y + 6*y + 5993 = 0. Let z = -265 + y. What is the units digit of z?
6
Let h = 1950 - 1382. What is the hundreds digit of h?
5
Suppose 26 = -24*a + 11*a. Suppose -2*l = 2*l - 2*b - 288, -5*b = -10. What is the tens digit of a/2 + l/1?
7
Let u(k) = 2*k**2 - 10*k - 13. Let o be u(9). Let s = o - 23. Suppose 2*c + 2 + 4 = 0, s = 2*z - 4*c. What is the units digit of z?
2
Let h = -4 + 11. Suppose 2*q = h*q - 75. Suppose -4*m - 3*g = -9*m + 69, 0 = 2*m + 3*g - q. What is the units digit of m?
2
Let b = 361 - -230. What is the units digit of b?
1
Let c(i) = -i**3 - 7*i**2 - 4*i - 9. What is the units digit of c(-8)?
7
Let a(m) = 10*m + 52. Let r(f) = f + 1. Let b(k) = a(k) - 6*r(k). What is the tens digit of b(-7)?
1
Let u(t) = t + 2. Let f be u(2). Suppose -6*j + 3*j - 59 = -r, 0 = -r + f*j + 59. What is the units digit of r?
9
Let j(a) = 194*a - 92. What is the thousands digit of j(12)?
2
What is the thousands digit of (-20)/6*49989/(-95)?
1
Let i(x) be the third derivative of 1/10*x**5 + 0*x + 1/120*x**6 + 3*x**2 + 0 + 3/2*x**3 - 3/8*x**4. What is the units digit of i(-7)?
3
Suppose -4*t + 3622 = 2*x + x, 3*t - 6033 = -5*x. What is the hundreds digit of x?
2
Suppose -2*d = o - 2*o + 6, -3*d - 14 = o. Let m = -10 + d. Let u = 65 + m. What is the units digit of u?
1
Suppose 0 = 3*n - 14 + 47. What is the units digit of (-12)/8*2*n?
3
Suppose -4*t - 3*o = 648, -4*o + 2*o + 173 = -t. What is the hundreds digit of 1 - (t + (2 - 0))?
1
Suppose -x = -5, 4*z - 3*x = -38 - 17. Let v(o) = -12*o**2 - 11*o + 1. Let m(n) = n**3 - n**2. Let s(t) = -m(t) + v(t). What is the units digit of s(z)?
1
Suppose 5*o + 259 = 284. Suppose 3*v = -2*t + 285 + 352, -2*v + 412 = -o*t. What is the units digit of v?
1
Suppose 3*d - 49 = -2*k + 9, 76 = 4*d + 2*k. Suppose 14*g = d*g - 280. What is the units digit of g?
0
Let p be 2/(-3) - 46/(-6). Suppose 9*n - p*n = 4. Suppose 3*m + 3*v = 9, -2*m + 7 - n = v. What is the units digit of m?
2
Suppose -5*i = s + 19, -4*s + i = -0*s - 29. Suppose s*w - 15 = 3*w. Let b = 24 + w. What is the units digit of b?
9
Suppose -4*s = -3037 - 3655. What is the units digit of s?
3
Let v(i) be the second derivative of i**6/360 + i**5/120 + 2*i**3/3 - 8*i. Let r(f) be the second derivative of v(f). What is the units digit of r(5)?
0
Let y(h) = 3*h - 5. Let c be y(4). Let g be 1/4 - (-2)/(-8). Suppose -c*b + 8*b - 15 = g. What is the tens digit of b?
1
Suppose 10*w - 6*w + 4*j - 1216 = 0, 5*j = 3*w - 896. What is the units digit of w?
2
Let k = 5074 + -2981. What is the hundreds digit of k?
0
Let i(p) = 9*p - 1. Let z be 3/(-4) + 33/12. Let c be i(z). Suppose -b = 3, -2*v + c = -v + 4*b. What is the tens digit of v?
2
Let b(w) = -w**3 + 4*w**2 + 2. Let t be b(4). Suppose t*i - 19 = 7. Suppose 2 = 5*h - i. What is the units digit of h?
3
Let v(k) = -k. Let q be v(-5). Let t(s) = 12*s - 10. What is the units digit of t(q)?
0
Suppose 31*a - 8593 = 18*a. What is the units digit of a?
1
Let p = 1482 - 1369. What is the tens digit of p?
1
Let w = 226 + -162. What is the units digit of w?
4
Let c(y) = 2*y**2 + 5*y - 2. Let j be c(3). Let l be (0 + 4)*1/(-2)*-4. Let f = l + j. What is the tens digit of f?
3
Suppose 0 = 5*m + 4*b - 127, 137 = m + 4*m - b. Suppose -m = -2*j - 9. Suppose -x - j = -2*x. What is the units digit of x?
9
Let l(t) = t**2 + t + 1. Let c(f) = -f**3 + 17*f**2 + 11*f - 5. Let h(i) = c(i) - 5*l(i). What is the units digit of h(12)?
2
Suppose 4*v + 3*p = 9, -2*v = 2*v - 2*p - 34. What is the units digit of v/18 - (-32)/3?
1
Suppose 6*x + 18 = -s + 2*x, 4*s - x = 13. Suppose -s*l + 3 = -5. Suppose 4*c + 18 = k + c, 3*k = -l*c + 93. What is the tens digit of k?
2
Let b(s) = -18*s - 4*s + 10 + s. Let z be b(-5). Suppose -5*a - f = -z, a + 5*f - 3 = 2*a. What is the units digit of a?
2
What is the tens digit of 2/(-13) - (-3786)/156*34?
2
Suppose -a - 18 = -0*a + 4*y, -9 = -2*a + y. Let h = 19 + a. Let b = h + -8. What is the tens digit of b?
1
Let c(s) = 2*s + 53. Let d be c(-14). Suppose -5*l - d = 0, -p = -4*p + 2*l + 841. What is the tens digit of p?
7
Let c = 10 + -8. Suppose 16 = c*m - 12. Let n(t) = 2*t - 2. What is the units digit of n(m)?
6
Suppose -21*g = -13*g - 1632. What is the hundreds digit of g?
2
Let s(j) = 3*j**3 - 36*j**2 + 26*j + 12. What is the hundreds digit of s(14)?
5
Let m = 873 + -713. What is the tens digit of m?
6
Suppose -15 = -2*v - 3*v. Let m be (3 + -2)/((-1)/(-5)). Suppose -v*k + 5*k + 123 = m*i, 16 = -4*k. What is the tens digit of i?
2
Let b be (-517)/(-88) - 2/(-16). Let u be (-2)/b - 154/6. Let a = -2 - u. What is the units digit of a?
4
Let l(p) = p - 5. Let f be l(8). Suppose 3*d = -2*u + 264, 3*d = -0*d - f*u + 264. What is the tens digit of d?
8
Let b = -77 + 659. What is the tens digit of b?
8
Let g = -23 - -26. Suppose -a = 3*a + g*n - 75, -5*a - 4*n + 94 = 0. What is the units digit of a?
8
Let x(o) = -2*o**3 + 19*o**2 + 17*o - 6. What is the tens digit of x(9)?
2
Suppose 0 = 3*t + t - 192. What is the hundreds digit of (3 - 1)*3336/t?
1
Suppose 0 = 4*y + 2*o - 414, -8*o = -4*y - 4*o + 420. What is the hundreds digit of y?
1
Suppose y + y - 127 = -3*v, v - 173 = -3*y. Suppose 44 = g - 0*g + 5*p, -g - p = -y. What is the units digit of g?
9
Suppose 5*l = 30 - 15. Suppose 2*r - 4*m = 136 + 98, -l*r + 4*m + 345 = 0. What is the tens digit of r?
1
Let u = 19 - 14. Suppose 33 + 232 = u*r. Suppose -r + 12 = -x. What is the tens digit of x?
4
Let s = 492 + -267. What is the units digit of s?
5
Let g(z) = 55*z**3 + z**2 - z - 3. What is the tens digit of g(2)?
3
Let n be (-4 + 2 - -2) + 5. Suppose 10 + 0 = -n*u. What is the tens digit of (-1 + u)/(-3)*31?
3
Suppose -77*a = -81*a + 996. What is the tens digit of a?
4
Let c = -25 - -30. Suppose -126 = -c*r + 3*r. What is the tens digit of r?
6
Suppose 28 - 8 = -5*a. Let t be (-1)/2 - 2/a. Suppose t = 2*y - 7*y + 20. What is the units digit of y?
4
Let i(r) = 3*r - 52. Let m be i(14). What is the units digit of -8*(8/m + 2)*-15?
4
Suppose 4*q - 144 = 3*q. Suppose i - 7*i + q = 0. What is the tens digit of i?
2
Let q(i) be the third derivative of i**2 - 11/6*i**3 - 1/6*i**4 + 0 + 0*i. What is the units digit of q(-5)?
9
Let a(p) = p**2 - 7*p + 9. Let c be a(5). What is the units